
1356b
Convert -2db2 (base 14) to base 5.
-230232
Convert 608b3 (base 12) to base 13.
452a6
What is 6a01d (base 14) in base 15?
51678
What is -120688 (base 11) in base 9?
-321184
Convert -1744721 (base 8) to base 13.
-14b42b
Convert 2222200121202 (base 3) to base 10.
1588214
What is -79944 (base 15) in base 3?
-201122122101
What is 18090a (base 13) in base 12?
24bb94
Convert 1221005 (base 10) to base 13.
3399b6
1856566 (base 9) to base 15
1588bc
What is -35128a (base 13) in base 16?
-133745
Convert 514652 (base 13) to base 10.
1894895
What is -40205625 (base 8) in base 5?
-4131111414
What is -10011100000101111110 (base 2) in base 10?
-639358
What is 21022202221211 (base 3) in base 12?
1378964
Convert 20387d (base 15) to base 8.
5655651
What is -522552 (base 8) in base 5?
-21022133
Convert 2222200211121 (base 3) to base 2.
110000011110010010100
Convert -321130112 (base 4) to base 8.
-713426
4214120242 (base 5) to base 6
511145302
Convert 122d3d (base 15) to base 9.
1565814
-422297 (base 11) to base 2
-10100101001010010000
Convert -86320 (base 15) to base 12.
-186603
Convert -42645 (base 13) to base 11.
-81a37
Convert 31b65 (base 12) to base 6.
1223405
What is 33aa9 (base 13) in base 9?
153068
1381e3 (base 16) to base 5
311402220
Convert 566340 (base 10) to base 3.
1001202212120
Convert -10022311230 (base 4) to base 16.
-10ad6c
What is -600144 (base 7) in base 16?
-18a3b
11111110101011101 (base 2) to base 16
1fd5d
743442 (base 8) to base 16
3c722
Convert 1023223332 (base 4) to base 7.
2430555
Convert 1007a76 (base 15) to base 8.
53432043
Convert -3250442 (base 7) to base 3.
-202021001002
What is 1064283 (base 9) in base 15?
b50e0
What is 4626e (base 16) in base 8?
1061156
-56eea (base 16) to base 15
-70784
Convert 330340305 (base 6) to base 4.
112202031101
-143225 (base 7) to base 16
-6ba5
Convert -175624 (base 11) to base 12.
-110969
What is 7478218 (base 9) in base 5?
2011230341
-20065516 (base 9) to base 3
-200002012120120
Convert 3212533 (base 10) to base 7.
36206662
1011011011101010001 (base 2) to base 16
5b751
Convert -21000221110222 (base 3) to base 12.
-13036b2
-ba105 (base 16) to base 5
-143341432
Convert 224251541 (base 6) to base 9.
7681717
What is -1010200122021 (base 3) in base 6?
-20540354
716151 (base 8) to base 7
2003640
What is -122002 (base 5) in base 12?
-2817
What is -1022102120102 (base 3) in base 7?
-5633030
Convert 1a1357 (base 15) to base 7.
13535626
-13364d (base 14) to base 2
-10100001110000010101
312303552 (base 6) to base 9
11205155
Convert 11011120101 (base 3) to base 6.
1431531
-3312241340 (base 5) to base 11
-4043662
What is 101110010001111100 (base 2) in base 15?
3b279
-213500454 (base 6) to base 7
-44311522
239200 (base 11) to base 7
3133521
221369 (base 10) to base 12
a8135
3883725 (base 9) to base 7
24015350
What is 101111111111001110000100 (base 2) in base 11?
7112366
6322066 (base 7) to base 8
2717773
Convert -41154 (base 8) to base 11.
-11859
Convert 1a3747b (base 13) to base 12.
2a88ab7
Convert 11261348 (base 9) to base 13.
11980c7
What is 254002 (base 6) in base 4?
11211302
What is -30335241 (base 6) in base 5?
-210240301
What is -10110332032 (base 4) in base 12?
-46863a
Convert -1000001100101001110 (base 2) to base 11.
-173902
What is 17188415 (base 9) in base 8?
40705333
-156357 (base 10) to base 13
-56226
-1343285 (base 10) to base 5
-320441120
Convert 201013210 (base 4) to base 9.
226064
-11351431 (base 6) to base 10
-356779
Convert 218454 (base 15) to base 13.
43c0a5
-1243a3 (base 14) to base 9
-1154178
125808 (base 11) to base 10
197964
What is 1b37842 (base 13) in base 8?
42304374
Convert -23330 (base 5) to base 7.
-5000
134334210 (base 5) to base 13
1b63b9
What is -301293 (base 10) in base 2?
-1001001100011101101
What is -10517735 (base 8) in base 15?
-2ec519
169339 (base 10) to base 12
81bb7
Convert -90836c (base 14) to base 7.
-56222665
Convert -23443420 (base 5) to base 14.
-59950
What is -1103033 (base 6) in base 13?
-1c107
1321341 (base 5) to base 14
990b
-2100221222202 (base 3) to base 2
-100110011010111100000
Convert 7944a2 (base 13) to base 8.
12735040
11282 (base 16) to base 10
70274
What is 1ba8915 (base 13) in base 6?
525305313
What is -53e5a (base 15) in base 6?
-5413421
-110100202102 (base 3) to base 10
-243308
-898217 (base 11) to base 5
-331243320
Convert -173839 (base 11) to base 4.
-1001203331
What is -19279c (base 14) in base 7?
-10366255
Convert 1110011220211 (base 3) to base 10.
771223
What is 58a401 (base 12) in base 4?
11130213001
125006 (base 9) to base 11
51a6a
11222100122 (base 3) to base 14
279a2
-2c4a8ba (base 13) to base 2
-110110010110001111000101
1589212 (base 14) to base 9
21761331
What is 1013104043 (base 5) in base 15?
2b1c4d
What is 100010010001100 (base 2) in base 14?
6576
What is 10cbe (base 15) in base 14?
156da
3331003213 (base 4) to base 14
1cda51
What is -9051a (base 13) in base 11?
-166860
-7aa0 (base 13) to base 6
-211343
What is -737185 (base 9) in base 7?
-3503543
Convert -1533142 (base 6) to base 3.
-11120122022
What is 2941dc (base 16) in base 5?
1143010321
-34687 (base 10) to base 12
-180a7
What is 110100001100011100001 (base 2) in base 13?
47b61c
17246431 (base 9) to base 11
497a518
-120311220 (base 4) to base 11
-6a488
What is -10001100111010110 (base 2) in base 5?
-4302100
What is -23300013 (base 7) in base 5?
-1011103324
-3b4cd (base 14) to base 6
-3045433
Convert -18436678 (base 10) to base 13.
-3a869a0
Convert -2300102030 (base 4) to base 11.
-453549
-156469 (base 13) to base 6
-15152351
173387 (base 12) to base 4
1201211113
What is -3102133123 (base 4) in base 2?
-11010010011111011011
What is -a62603 (base 11) in base 3?
-10012110100200
What is -2570 (base 13) in base 3?
-21022102
-60d0b8 (base 15) to base 12
-165a262
2a62b (base 15) to base 16
214c7
Convert -111422420 (base 5) to base 14.
-cd941
Convert 11111100011011000011111 (base 2) to base 7.
130206562
d65c (base 15) to base 8
130400
What is -1da8be (base 16) in base 15?
-285dcc
81714 (base 11) to base 10
119321
What is -31242 (base 12) in base 11?
-44321
Convert -11314510 (base 6) to base 7.
-2665005
What is -3470a7a (base 11) in base 12?
-20445a7
What is 102000224 (base 5) in base 16?
67033
Convert -2222233311 (base 4) to base 2.
-10101010101111110101
Convert -3156a6 (base 12) to base 8.
-2755236
-11111110210 (base 4) to base 12
-575084
Convert 1665171 (base 10) to base 2.
110010110100010010011
What is -1011011110110000001000 (base 2) in base 7?
-34403116
What is 752150 (base 8) in base 6?
5213544
What is -894234 (base 16) in base 2?
-100010010100001000110100
2b9515 (base 15) to base 4
20002130021
Convert -63266 (base 7) to base 10.
-15581
What is 2045666 (base 8) in base 2?
10000100101110110110
Convert -22241203 (base 5) to base 2.
-101111111101001100
What is 63b52 (base 13) in base 16?
2beab
Convert -d659b (base 14) to base 3.
-222021011202
-1b97d (base 14) to base 3
-10120200012
Convert -11010001100111001011 (base 2) to base 13.
-240a3c
What is -2414392 (base 12) in base 16?
-6abe1e
-164a81 (base 15) to base 7
-12112522
1a31 (base 13) to base 3
12101110
What is -21200211110 (base 3) in base 13?
-53c67
What is -bb69f (base 16) in base 2?
-10111011011010011111
Convert -ba3959 (base 12) to base 2.
-1011010000011110010101
What is a71155 (base 12) in base 4?
22003122101
What is -1203553 (base 7) in base 8?
-451777
Convert -111110111101100000001 (base 2) to base 6.
-112115225
-21312123 (base 5) to base 7
-1356042
-120020202012121 (base 3) to base 4
-132322213330
What is -7c3d0e (base 15) in base 12?
-1ba3365
What is 731525 (base 8) in base 4?
323031111
-14242011 (base 5) to base 11
-a2469
Convert a1a65a (base 15) to base 11.
4375849
What is 73d7d0 (base 14) in base 16?
3bc5ba
-1011000010010000101100 (base 2) to base 15
-3c2214
What is -169fb (base 16) in base 5?
-10431132
-2553451 (base 7) to base 8
-1211467
Convert 60cb54 (base 15) to base 14.
87a1ba
Convert -12947786 (base 10) to base 7.
-215024435
443241 (base 5) to base 12
8b32
Convert -10423 (base 10) to base 3.
-112022001
Convert -1641b7 (base 12) to base 10.
-380443
Convert -1b8290 (base 12) to base 15.
-9a7d3
-126b33 (base 12) to base 9
-510603
Convert -21610 (base 12) to base 7.
-242334
-11010110111100011 (base 2) to base 10
-1